*2 - 3557*m. Suppose 0 = -t - 0 - 5. What is p(t)?
14
Let i(z) = z**2 - 9*z - 7. Let s be 1/4 + 19/4. Suppose -8*f = -s*f - 18. Give i(f).
-25
Suppose 0 = 4*f + 2*k - 26, 3*f = -f - 4*k + 32. Let m(y) be the third derivative of -1/30*y**f + 0 + 1/12*y**4 + 0*y - 4*y**2 - 1/3*y**3. Calculate m(2).
-6
Let g(y) = -y**3 + 8*y**2 + 6*y + 10. Suppose 162 = 2*q + 16*q. Determine g(q).
-17
Let v(a) = -a**2 + 8*a - 14. Let x = -1342 - -1350. What is v(x)?
-14
Let i(n) = 22*n - 7. Let c(u) = -9*u + 3. Let f(m) = -5*c(m) - 2*i(m). Calculate f(11).
10
Let j(z) = 2*z - 7. Suppose 0 = 2*h + w - 4*w - 25, 0 = -h + 3*w + 20. What is j(h)?
3
Let i(c) = 2 - 49*c - 5 + 21*c + 13*c. Calculate i(-1).
12
Let w(i) = i**2 + 6*i + 7. Let x(r) = -2*r**3 + 14*r**2 + 2*r - 8. Let t be x(7). Let v(s) = s**2 - 9*s + 12. Let m be v(t). Calculate w(m).
7
Let k be (-6 + 7)/(1/15). Suppose -4*t + t + k = 0. Let z(d) = d + 8. Let u(a) = -7. Let i(r) = -3*u(r) - 2*z(r). Give i(t).
-5
Suppose -46*y = -53*y + 21. Let i(m) = y*m - 5 - 4*m + 3 + 4. What is i(3)?
-1
Let q(j) = -45*j + 40*j - 7 + j**2 + 0*j**2. Determine q(7).
7
Let a(u) = -14*u - 12. Let y(s) = 6*s + 5. Let g(b) = -2*a(b) - 5*y(b). What is g(3)?
-7
Let f(a) = -1 + a + 22*a**3 - 3*a**2 + 2*a**3 - 23*a**3. What is f(3)?
2
Let u(t) = -t + 11. Let m(z) = z + 5. Let l be m(3). Let q be (-264)/(-27) + l/36. Suppose 4*y - q = 10. What is u(y)?
6
Let r(d) = -69*d + 17. Let f(b) = -86*b + 18. Let i(a) = -5*f(a) + 6*r(a). Calculate i(-1).
-4
Suppose 5*b + 16 = 6, -5*b - 14 = -i. Suppose -i = -0*a - 2*a. Let w(n) = -a*n + n + n - 3*n. Give w(2).
-6
Let i(l) be the third derivative of l**6/240 - l**5/40 + 13*l**4/12 - 33*l**2. Let f(r) be the second derivative of i(r). What is f(3)?
6
Suppose -16*b - 28 = -92. Let k(v) be the first derivative of -1/3*v**3 - 6*v + 1 + 2*v**2. What is k(b)?
-6
Suppose -t - 3 + 5 = 0. Let v(n) = 4*n**t + 18*n - 17*n + 1 - 2. What is v(2)?
17
Let y(s) = s**3 + s**2 - 1. Let i(u) = -2*u**3 - 8*u - 1. Let j(g) = i(g) + 3*y(g). Suppose -l - 15 = 2*l. What is j(l)?
-14
Let d(j) = j**3 + 11*j**2 + 11*j + 4. Suppose -n = -636 + 646. Determine d(n).
-6
Let t = -88 - -33. Let i = t + 63. Let d(s) = s - 6. What is d(i)?
2
Let j(o) = -o**2 - 25*o - 19. Suppose 0 = 2*r - 2*h + 44, 2*h = -6*r + 4*r - 52. Determine j(r).
5
Let y = -8 + 20. Suppose -4*c - y = -24. Suppose c*g + 41 = -4*z, 5*g + 5*z = -0*z - 60. Let v(m) = m + 7. Determine v(g).
0
Let d = -429 + 429. Let n(y) be the third derivative of 0*y - y**2 - 1/3*y**3 - 1/12*y**4 + 1/30*y**5 + d. What is n(3)?
10
Suppose -2*t = -3*t + 2. Let p(m) = 7*m**2 - 5 - 2*m**2 + 5*m - t*m**2 - 4*m**2. Let s(u) = -2*u**2 - 10*u + 6. Let y be s(-5). Determine p(y).
-11
Let u(h) be the second derivative of h**5/20 + 3*h**4/4 - h**3/2 - 6*h**2 - 7*h - 6. Give u(-9).
15
Let s(u) = -10*u**3 - 3*u**2 + 9*u + 23. Let y(m) = 23*m**3 + 5*m**2 - 18*m - 49. Let d(h) = 7*s(h) + 3*y(h). Determine d(-7).
0
Let f(m) = 4*m + 22 + m**2 + 16*m + 18*m - 23*m - 2. What is f(-14)?
6
Let y(h) = 32*h - 28 - 34*h + 33. Give y(-10).
25
Let r(g) = -g - 5. Let u(o) = -o - 6. Let l(h) = -6*r(h) + 5*u(h). Let d(s) be the second derivative of s**3/6 - 5*s**2 + 18*s. Let w be d(15). Calculate l(w).
5
Let d(r) = r**2 - 4. Let j(x) = -x**3 - 5*x**2 - 3*x + 7. Let w be j(-3). What is d(w)?
0
Let f(r) = 0*r + 482 + r - 482. Calculate f(-3).
-3
Let s(n) = 2 - 2*n**3 + 0 + 0 - 15*n**2 + 17*n**2. Calculate s(2).
-6
Let u(d) = -d + 2. Let w(p) = p**3 + p**2 - p. Let k be w(0). Let l = 2 - k. Suppose 0 = -4*y + 3*i + l*i + 37, i - 10 = -5*y. Calculate u(y).
-1
Let n(b) = 204*b + 33. Let r(p) = 41*p + 6. Let m(v) = -2*n(v) + 11*r(v). What is m(1)?
43
Let p(n) = -n + 1. Let m be -2 - (-10 - (-6 + 5)). What is p(m)?
-6
Let c(a) = 10*a + 205. Let s be c(-21). Let t(u) = -u + 1. Let l(k) = k - 1. Let j(d) = 2*l(d) + t(d). Calculate j(s).
-6
Let a be (8 - 9) + (1 - -4). Suppose 0*h = z + a*h + 19, -3 = -3*z + 3*h. Let t(q) = -q**2 - 5*q - 2 - 5*q**2 + 5*q**2. Determine t(z).
4
Let k(f) be the first derivative of -f**4/4 + 7*f**3/3 + 10*f**2 - 14*f + 168. Calculate k(9).
4
Let c(a) = -5*a + 15. Let i(y) = y + 1. Let b(h) = -4*c(h) - 28*i(h). Give b(-10).
-8
Let a(k) = 2*k**3 + k**2 + k + 1. Let s be ((-4)/3)/(2/(-3)). Suppose 2*f - 4*f - s = 0. Calculate a(f).
-1
Suppose -4*f - 4*h + 76 = 0, -6*f + 3*f - 5*h = -55. Suppose 0 = -3*x + 2*x - 4, -f = -o + 3*x. Let u(a) = 0 - 2*a**2 + o*a**2 + 4 - 7*a**2 - 3*a. Give u(-4).
0
Let z = 11585 + -11579. Let g(a) = -a**2 + a. Let c(s) = 3*s**2 - 6*s - 5. Let h(j) = -c(j) - 2*g(j). Determine h(z).
-7
Let d(g) = -g**2 - 7*g - 1. Let v = -36 - -57. Suppose 5*a = -v - 4. Give d(a).
9
Let c(w) = 2*w - 15. Let y be (21/49 + -1)*-28 - 4. Give c(y).
9
Let c(b) = 2. Let p(g) = 2*g + 40. Let v(t) = 10*c(t) - p(t). Give v(-9).
-2
Suppose 0 = y - 1 - 3. Suppose 0 = k + h, -5*h = 3*k - 0 + y. Let l(x) = -4*x. What is l(k)?
-8
Let j(a) = -2*a + 3 - 2 - a. Let y(p) = -p**3 + 3*p**2 + 3*p + 5. Let u be y(4). Determine j(u).
-2
Let r(p) = -23109*p + 11552*p - 12 + 11556*p. Give r(-11).
-1
Suppose -16*a = -17 - 15. Let l(z) = 28*z**2 - 57*z**2 + 20*z**a. Calculate l(-1).
-9
Let k(f) = f**2 - 7*f + 6. Suppose 0 = 3*h, 5*h - 12 = -5*t + 3. Suppose -z - o + t = 0, 20 = 2*z - 5*o - 0. Give k(z).
-4
Let o(j) be the third derivative of -2*j**2 + 1/20*j**5 + 0 + 1/12*j**4 + 0*j - 1/720*j**6 + 0*j**3. Let h(z) be the second derivative of o(z). Determine h(6).
0
Let f(p) = 3. Let c(a) = 2*a - 2. Let o(s) = 2*c(s) + 3*f(s). Give o(-1).
1
Let m(y) = -3*y - 1. Let q = -17 - -24. Let b be -1 - q - (-2 + -1). Determine m(b).
14
Let u(m) = -2*m + 3. Let q be u(5). Let k(t) = -t**2 + 6*t + 11. Let o(f) = -4*f**2 + 17*f + 34. Let p(w) = q*k(w) + 2*o(w). Determine p(-6).
3
Let g be 10/(-14)*-8 - 2/(-7). Let d(a) = 5*a - 23 - a**2 - 20 + 44. Calculate d(g).
-5
Let j = 2 + -2. Let u(n) = -9 + 7*n + 0*n**2 + 4*n - 12*n + 2*n - n**2. Calculate u(j).
-9
Let h(n) = -n**3 + 4*n**2 + 4*n + 5. Suppose 0 = -3*p + p + 6. Suppose p*j = -v + 15, -2*j + j + 5 = -5*v. Give h(j).
0
Let z(w) = w - 11. Let x(y) = 7*y - 66. Let g(a) = -x(a) + 5*z(a). Determine g(-10).
31
Let j(n) = n**3 - 5*n**2 + n + 4. Suppose -124 = -15*t - 49. What is j(t)?
9
Let l(q) = 2*q**2 - 31*q + 17. Let g be l(15). Let p(d) = 7*d**g - d - 4*d + 2*d + 8 - 5*d - d**3. Determine p(6).
-4
Let c(p) = 5*p**2 - 19*p + 11. Let s(x) = 6*x**2 - 21*x + 10. Let r(y) = 5*c(y) - 4*s(y). What is r(10)?
5
Let p(k) be the first derivative of 5 + 1/2*k**2 - 2*k - 2/3*k**3. What is p(2)?
-8
Let o be 4*(-77)/44*(-2 - -1). Let a(v) be the first derivative of -v**3/6 + 2*v**2 - 2*v + 1. Let c(y) be the first derivative of a(y). Calculate c(o).
-3
Let b be (-2)/(-8)*4*-11. Let t = b - -9. Let v be 190/30 + t/6. Let r(d) = d - 8. Give r(v).
-2
Let b(u) = u**3 + 1 - 953*u - 951*u + 1905*u - 4*u**2. Give b(5).
31
Let i(o) = -2*o**2 + 1. Let q(p) = 9*p**2 - p - 4. Let x(v) = 5*i(v) + q(v). What is x(-4)?
-11
Let m(v) = v**3 + v**2 + v + 1. Let l be m(0). Let b be l*8*1/2. Let x(s) = -9*s. Let p(i) = 16*i + 1. Let c(g) = 5*p(g) + 9*x(g). What is c(b)?
1
Suppose 6*t - 3*t = 12. Suppose 5*y = -10, c + y - t = -c. Suppose -c*r = -9 + 27. Let s(w) = w**2 + 5*w + 2. Determine s(r).
8
Let p = 810 - 97199/120. Let i(m) be the third derivative of -6*m**2 + 0 - 1/12*m**4 + 0*m + 0*m**3 - p*m**6 + 1/10*m**5. Give i(5).
15
Let c(o) = -o - 39*o**2 + 28*o**2 + 6*o + 10*o**2. Determine c(8).
-24
Suppose 0 = -0*h + 3*h - 9. Let q(w) = -h - 5*w**3 + 5*w**2 + 2*w + 9*w**3 - 3*w**3. Let b be (-190)/45 + (-4)/(-18). Determine q(b).
5
Let o(s) = 7*s + 1 - 7*s**2 + s**3 - 3*s + 2*s**2. Let x be (-5)/2*(-12)/10. Suppose -d + 12 = x*d. Calculate o(d).
-5
Suppose -4*h + 9*h = 2*q + 14, 5*h = -q + 23. Let m(c) = 0*c**2 - c**2 + c**2 + c**2 - 5 - h*c. Let l be (-1 - -2 - -4) + -1. What is m(l)?
-5
Let q(m) = 22*m - 2003. Let h be q(91). Let o(j) = -5*j + 5. Let k(r) = -r + 1. Let v(l) = 6*k(l) - o(l). Calculate v(h).
2
Let d(z) be the third derivative of z**6/120 - 3*z**5/20 + z**4/6 + 9*z**3/2 - 115*z**2. Give d(8).
-5
Suppose 0 = 4*k - k - 18. Suppose 4*g - 44 = -4*a, 4*g - 5*a = -0*g - 1. Let u(z) = -z - 1 + g - 1. Determine u(k).
-2
Let s(y) = -y**3 + 6*y**2 - 9*y + 8. Let q(u) = 2*u**3 - 13*u*